{"id":8015,"date":"2021-05-17T15:56:46","date_gmt":"2021-05-17T15:56:46","guid":{"rendered":"https:\/\/www.pause-au-naturelle.com\/?post_type=product&#038;p=8015"},"modified":"2025-04-09T08:49:20","modified_gmt":"2025-04-09T08:49:20","slug":"jabon-de-comino-negro-para-el-acne-125-g-coleccion-karamat","status":"publish","type":"product","link":"https:\/\/www.pause-au-naturelle.com\/es\/produit\/savon-nigelle-acne-125g-karamat-collection\/","title":{"rendered":"Jab\u00f3n de comino negro 125g - Colecci\u00f3n Karamat"},"content":{"rendered":"","protected":false},"excerpt":{"rendered":"","protected":false},"featured_media":8016,"template":"","meta":[],"product_brand":[],"product_cat":[61],"product_tag":[],"class_list":{"0":"post-8015","1":"product","2":"type-product","3":"status-publish","4":"has-post-thumbnail","6":"product_cat-beaute-hygiene","8":"first","9":"outofstock","10":"shipping-taxable","11":"purchasable","12":"product-type-simple"},"yoast_head":"<!-- This site is optimized with the Yoast SEO plugin v27.3 - https:\/\/yoast.com\/product\/yoast-seo-wordpress\/ -->\n<title>Savon nigelle acn\u00e9 125g | Karamat Collection | Pause-au-naturelle.com<\/title>\n<meta name=\"description\" content=\"Savon nigelle acn\u00e9 sp\u00e9cial visage pour att\u00e9nuer les inflammations de la peau et la garder propre et purifi\u00e9e.\" \/>\n<meta name=\"robots\" content=\"index, follow, max-snippet:-1, max-image-preview:large, max-video-preview:-1\" \/>\n<link rel=\"canonical\" href=\"https:\/\/www.pause-au-naturelle.com\/es\/producto\/jabon-de-comino-negro-para-el-acne-125-g-coleccion-karamat\/\" \/>\n<meta property=\"og:locale\" content=\"es_ES\" \/>\n<meta property=\"og:type\" content=\"article\" \/>\n<meta property=\"og:title\" content=\"Savon nigelle acn\u00e9 125g | Karamat Collection | Pause-au-naturelle.com\" \/>\n<meta property=\"og:description\" content=\"Savon nigelle acn\u00e9 sp\u00e9cial visage pour att\u00e9nuer les inflammations de la peau et la garder propre et purifi\u00e9e.\" \/>\n<meta property=\"og:url\" content=\"https:\/\/www.pause-au-naturelle.com\/es\/producto\/jabon-de-comino-negro-para-el-acne-125-g-coleccion-karamat\/\" \/>\n<meta property=\"og:site_name\" content=\"Pause au Naturelle\" \/>\n<meta property=\"article:modified_time\" content=\"2025-04-09T08:49:20+00:00\" \/>\n<meta property=\"og:image\" content=\"https:\/\/www.pause-au-naturelle.com\/wp-content\/uploads\/2021\/05\/savon-nigelle-karamat-collection-jpg.jpg\" \/>\n\t<meta property=\"og:image:width\" content=\"500\" \/>\n\t<meta property=\"og:image:height\" content=\"500\" \/>\n\t<meta property=\"og:image:type\" content=\"image\/jpeg\" \/>\n<meta name=\"twitter:card\" content=\"summary_large_image\" \/>\n<script type=\"application\/ld+json\" class=\"yoast-schema-graph\">{\"@context\":\"https:\\\/\\\/schema.org\",\"@graph\":[{\"@type\":\"WebPage\",\"@id\":\"https:\\\/\\\/www.pause-au-naturelle.com\\\/produit\\\/savon-nigelle-acne-125g-karamat-collection\\\/\",\"url\":\"https:\\\/\\\/www.pause-au-naturelle.com\\\/produit\\\/savon-nigelle-acne-125g-karamat-collection\\\/\",\"name\":\"Savon nigelle acn\u00e9 125g | Karamat Collection | Pause-au-naturelle.com\",\"isPartOf\":{\"@id\":\"https:\\\/\\\/www.pause-au-naturelle.com\\\/#website\"},\"primaryImageOfPage\":{\"@id\":\"https:\\\/\\\/www.pause-au-naturelle.com\\\/produit\\\/savon-nigelle-acne-125g-karamat-collection\\\/#primaryimage\"},\"image\":{\"@id\":\"https:\\\/\\\/www.pause-au-naturelle.com\\\/produit\\\/savon-nigelle-acne-125g-karamat-collection\\\/#primaryimage\"},\"thumbnailUrl\":\"https:\\\/\\\/www.pause-au-naturelle.com\\\/wp-content\\\/uploads\\\/2021\\\/05\\\/savon-nigelle-karamat-collection-jpg.jpg\",\"datePublished\":\"2021-05-17T15:56:46+00:00\",\"dateModified\":\"2025-04-09T08:49:20+00:00\",\"description\":\"Savon nigelle acn\u00e9 sp\u00e9cial visage pour att\u00e9nuer les inflammations de la peau et la garder propre et purifi\u00e9e.\",\"breadcrumb\":{\"@id\":\"https:\\\/\\\/www.pause-au-naturelle.com\\\/produit\\\/savon-nigelle-acne-125g-karamat-collection\\\/#breadcrumb\"},\"inLanguage\":\"es\",\"potentialAction\":[{\"@type\":\"ReadAction\",\"target\":[\"https:\\\/\\\/www.pause-au-naturelle.com\\\/produit\\\/savon-nigelle-acne-125g-karamat-collection\\\/\"]}]},{\"@type\":\"ImageObject\",\"inLanguage\":\"es\",\"@id\":\"https:\\\/\\\/www.pause-au-naturelle.com\\\/produit\\\/savon-nigelle-acne-125g-karamat-collection\\\/#primaryimage\",\"url\":\"https:\\\/\\\/www.pause-au-naturelle.com\\\/wp-content\\\/uploads\\\/2021\\\/05\\\/savon-nigelle-karamat-collection-jpg.jpg\",\"contentUrl\":\"https:\\\/\\\/www.pause-au-naturelle.com\\\/wp-content\\\/uploads\\\/2021\\\/05\\\/savon-nigelle-karamat-collection-jpg.jpg\",\"width\":500,\"height\":500},{\"@type\":\"BreadcrumbList\",\"@id\":\"https:\\\/\\\/www.pause-au-naturelle.com\\\/produit\\\/savon-nigelle-acne-125g-karamat-collection\\\/#breadcrumb\",\"itemListElement\":[{\"@type\":\"ListItem\",\"position\":1,\"name\":\"Boutique\",\"item\":\"https:\\\/\\\/www.pause-au-naturelle.com\\\/boutique\\\/\"},{\"@type\":\"ListItem\",\"position\":2,\"name\":\"Savon \u00e0 la nigelle 125g &#8211; Karamat Collection\"}]},{\"@type\":\"WebSite\",\"@id\":\"https:\\\/\\\/www.pause-au-naturelle.com\\\/#website\",\"url\":\"https:\\\/\\\/www.pause-au-naturelle.com\\\/\",\"name\":\"Pause au Naturelle\",\"description\":\"\",\"publisher\":{\"@id\":\"https:\\\/\\\/www.pause-au-naturelle.com\\\/#organization\"},\"potentialAction\":[{\"@type\":\"SearchAction\",\"target\":{\"@type\":\"EntryPoint\",\"urlTemplate\":\"https:\\\/\\\/www.pause-au-naturelle.com\\\/?s={search_term_string}\"},\"query-input\":{\"@type\":\"PropertyValueSpecification\",\"valueRequired\":true,\"valueName\":\"search_term_string\"}}],\"inLanguage\":\"es\"},{\"@type\":\"Organization\",\"@id\":\"https:\\\/\\\/www.pause-au-naturelle.com\\\/#organization\",\"name\":\"Pause au naturelle\",\"url\":\"https:\\\/\\\/www.pause-au-naturelle.com\\\/\",\"logo\":{\"@type\":\"ImageObject\",\"inLanguage\":\"es\",\"@id\":\"https:\\\/\\\/www.pause-au-naturelle.com\\\/#\\\/schema\\\/logo\\\/image\\\/\",\"url\":\"https:\\\/\\\/www.pause-au-naturelle.com\\\/wp-content\\\/uploads\\\/2020\\\/06\\\/logo.png\",\"contentUrl\":\"https:\\\/\\\/www.pause-au-naturelle.com\\\/wp-content\\\/uploads\\\/2020\\\/06\\\/logo.png\",\"width\":250,\"height\":250,\"caption\":\"Pause au naturelle\"},\"image\":{\"@id\":\"https:\\\/\\\/www.pause-au-naturelle.com\\\/#\\\/schema\\\/logo\\\/image\\\/\"}}]}<\/script>\n<!-- \/ Yoast SEO plugin. -->","yoast_head_json":{"title":"Jab\u00f3n de nigella para el acn\u00e9 125 g | Karamat Collection | Pause-au-naturelle.com","description":"Jab\u00f3n de nigella especial para el acn\u00e9 facial, que alivia la inflamaci\u00f3n de la piel y la mantiene limpia y purificada.","robots":{"index":"index","follow":"follow","max-snippet":"max-snippet:-1","max-image-preview":"max-image-preview:large","max-video-preview":"max-video-preview:-1"},"canonical":"https:\/\/www.pause-au-naturelle.com\/es\/producto\/jabon-de-comino-negro-para-el-acne-125-g-coleccion-karamat\/","og_locale":"es_ES","og_type":"article","og_title":"Savon nigelle acn\u00e9 125g | Karamat Collection | Pause-au-naturelle.com","og_description":"Savon nigelle acn\u00e9 sp\u00e9cial visage pour att\u00e9nuer les inflammations de la peau et la garder propre et purifi\u00e9e.","og_url":"https:\/\/www.pause-au-naturelle.com\/es\/producto\/jabon-de-comino-negro-para-el-acne-125-g-coleccion-karamat\/","og_site_name":"Pause au Naturelle","article_modified_time":"2025-04-09T08:49:20+00:00","og_image":[{"width":500,"height":500,"url":"https:\/\/www.pause-au-naturelle.com\/wp-content\/uploads\/2021\/05\/savon-nigelle-karamat-collection-jpg.jpg","type":"image\/jpeg"}],"twitter_card":"summary_large_image","schema":{"@context":"https:\/\/schema.org","@graph":[{"@type":"WebPage","@id":"https:\/\/www.pause-au-naturelle.com\/produit\/savon-nigelle-acne-125g-karamat-collection\/","url":"https:\/\/www.pause-au-naturelle.com\/produit\/savon-nigelle-acne-125g-karamat-collection\/","name":"Jab\u00f3n de nigella para el acn\u00e9 125 g | Karamat Collection | Pause-au-naturelle.com","isPartOf":{"@id":"https:\/\/www.pause-au-naturelle.com\/#website"},"primaryImageOfPage":{"@id":"https:\/\/www.pause-au-naturelle.com\/produit\/savon-nigelle-acne-125g-karamat-collection\/#primaryimage"},"image":{"@id":"https:\/\/www.pause-au-naturelle.com\/produit\/savon-nigelle-acne-125g-karamat-collection\/#primaryimage"},"thumbnailUrl":"https:\/\/www.pause-au-naturelle.com\/wp-content\/uploads\/2021\/05\/savon-nigelle-karamat-collection-jpg.jpg","datePublished":"2021-05-17T15:56:46+00:00","dateModified":"2025-04-09T08:49:20+00:00","description":"Jab\u00f3n de nigella especial para el acn\u00e9 facial, que alivia la inflamaci\u00f3n de la piel y la mantiene limpia y purificada.","breadcrumb":{"@id":"https:\/\/www.pause-au-naturelle.com\/produit\/savon-nigelle-acne-125g-karamat-collection\/#breadcrumb"},"inLanguage":"es","potentialAction":[{"@type":"ReadAction","target":["https:\/\/www.pause-au-naturelle.com\/produit\/savon-nigelle-acne-125g-karamat-collection\/"]}]},{"@type":"ImageObject","inLanguage":"es","@id":"https:\/\/www.pause-au-naturelle.com\/produit\/savon-nigelle-acne-125g-karamat-collection\/#primaryimage","url":"https:\/\/www.pause-au-naturelle.com\/wp-content\/uploads\/2021\/05\/savon-nigelle-karamat-collection-jpg.jpg","contentUrl":"https:\/\/www.pause-au-naturelle.com\/wp-content\/uploads\/2021\/05\/savon-nigelle-karamat-collection-jpg.jpg","width":500,"height":500},{"@type":"BreadcrumbList","@id":"https:\/\/www.pause-au-naturelle.com\/produit\/savon-nigelle-acne-125g-karamat-collection\/#breadcrumb","itemListElement":[{"@type":"ListItem","position":1,"name":"Boutique","item":"https:\/\/www.pause-au-naturelle.com\/boutique\/"},{"@type":"ListItem","position":2,"name":"Savon \u00e0 la nigelle 125g &#8211; Karamat Collection"}]},{"@type":"WebSite","@id":"https:\/\/www.pause-au-naturelle.com\/#website","url":"https:\/\/www.pause-au-naturelle.com\/","name":"Pausa en la naturaleza","description":"","publisher":{"@id":"https:\/\/www.pause-au-naturelle.com\/#organization"},"potentialAction":[{"@type":"SearchAction","target":{"@type":"EntryPoint","urlTemplate":"https:\/\/www.pause-au-naturelle.com\/?s={search_term_string}"},"query-input":{"@type":"PropertyValueSpecification","valueRequired":true,"valueName":"search_term_string"}}],"inLanguage":"es"},{"@type":"Organization","@id":"https:\/\/www.pause-au-naturelle.com\/#organization","name":"Pausa al aire libre","url":"https:\/\/www.pause-au-naturelle.com\/","logo":{"@type":"ImageObject","inLanguage":"es","@id":"https:\/\/www.pause-au-naturelle.com\/#\/schema\/logo\/image\/","url":"https:\/\/www.pause-au-naturelle.com\/wp-content\/uploads\/2020\/06\/logo.png","contentUrl":"https:\/\/www.pause-au-naturelle.com\/wp-content\/uploads\/2020\/06\/logo.png","width":250,"height":250,"caption":"Pause au naturelle"},"image":{"@id":"https:\/\/www.pause-au-naturelle.com\/#\/schema\/logo\/image\/"}}]}},"_links":{"self":[{"href":"https:\/\/www.pause-au-naturelle.com\/es\/wp-json\/wp\/v2\/product\/8015","targetHints":{"allow":["GET"]}}],"collection":[{"href":"https:\/\/www.pause-au-naturelle.com\/es\/wp-json\/wp\/v2\/product"}],"about":[{"href":"https:\/\/www.pause-au-naturelle.com\/es\/wp-json\/wp\/v2\/types\/product"}],"wp:featuredmedia":[{"embeddable":true,"href":"https:\/\/www.pause-au-naturelle.com\/es\/wp-json\/wp\/v2\/media\/8016"}],"wp:attachment":[{"href":"https:\/\/www.pause-au-naturelle.com\/es\/wp-json\/wp\/v2\/media?parent=8015"}],"wp:term":[{"taxonomy":"product_brand","embeddable":true,"href":"https:\/\/www.pause-au-naturelle.com\/es\/wp-json\/wp\/v2\/product_brand?post=8015"},{"taxonomy":"product_cat","embeddable":true,"href":"https:\/\/www.pause-au-naturelle.com\/es\/wp-json\/wp\/v2\/product_cat?post=8015"},{"taxonomy":"product_tag","embeddable":true,"href":"https:\/\/www.pause-au-naturelle.com\/es\/wp-json\/wp\/v2\/product_tag?post=8015"}],"curies":[{"name":"wp","href":"https:\/\/api.w.org\/{rel}","templated":true}]}}

Jabón de comino negro 125g - Colección Karamat

<!-- This site is optimized with the Yoast SEO plugin v27.3 - https://yoast.com/product/yoast-seo-wordpress/ -->
<title>Savon nigelle acné 125g | Karamat Collection | Pause-au-naturelle.com</title>
<meta name="description" content="Savon nigelle acné spécial visage pour atténuer les inflammations de la peau et la garder propre et purifiée." />
<meta name="robots" content="index, follow, max-snippet:-1, max-image-preview:large, max-video-preview:-1" />
<link rel="canonical" href="https://www.pause-au-naturelle.com/es/producto/jabon-de-comino-negro-para-el-acne-125-g-coleccion-karamat/" />
<meta property="og:locale" content="es_ES" />
<meta property="og:type" content="article" />
<meta property="og:title" content="Savon nigelle acné 125g | Karamat Collection | Pause-au-naturelle.com" />
<meta property="og:description" content="Savon nigelle acné spécial visage pour atténuer les inflammations de la peau et la garder propre et purifiée." />
<meta property="og:url" content="https://www.pause-au-naturelle.com/es/producto/jabon-de-comino-negro-para-el-acne-125-g-coleccion-karamat/" />
<meta property="og:site_name" content="Pause au Naturelle" />
<meta property="article:modified_time" content="2025-04-09T08:49:20+00:00" />
<meta property="og:image" content="https://www.pause-au-naturelle.com/wp-content/uploads/2021/05/savon-nigelle-karamat-collection-jpg.jpg" />
	<meta property="og:image:width" content="500" />
	<meta property="og:image:height" content="500" />
	<meta property="og:image:type" content="image/jpeg" />
<meta name="twitter:card" content="summary_large_image" />
<script type="application/ld+json" class="yoast-schema-graph">{"@context":"https:\/\/schema.org","@graph":[{"@type":"WebPage","@id":"https:\/\/www.pause-au-naturelle.com\/produit\/savon-nigelle-acne-125g-karamat-collection\/","url":"https:\/\/www.pause-au-naturelle.com\/produit\/savon-nigelle-acne-125g-karamat-collection\/","name":"Savon nigelle acné 125g | Karamat Collection | Pause-au-naturelle.com","isPartOf":{"@id":"https:\/\/www.pause-au-naturelle.com\/#website"},"primaryImageOfPage":{"@id":"https:\/\/www.pause-au-naturelle.com\/produit\/savon-nigelle-acne-125g-karamat-collection\/#primaryimage"},"image":{"@id":"https:\/\/www.pause-au-naturelle.com\/produit\/savon-nigelle-acne-125g-karamat-collection\/#primaryimage"},"thumbnailUrl":"https:\/\/www.pause-au-naturelle.com\/wp-content\/uploads\/2021\/05\/savon-nigelle-karamat-collection-jpg.jpg","datePublished":"2021-05-17T15:56:46+00:00","dateModified":"2025-04-09T08:49:20+00:00","description":"Savon nigelle acné spécial visage pour atténuer les inflammations de la peau et la garder propre et purifiée.","breadcrumb":{"@id":"https:\/\/www.pause-au-naturelle.com\/produit\/savon-nigelle-acne-125g-karamat-collection\/#breadcrumb"},"inLanguage":"es","potentialAction":[{"@type":"ReadAction","target":["https:\/\/www.pause-au-naturelle.com\/produit\/savon-nigelle-acne-125g-karamat-collection\/"]}]},{"@type":"ImageObject","inLanguage":"es","@id":"https:\/\/www.pause-au-naturelle.com\/produit\/savon-nigelle-acne-125g-karamat-collection\/#primaryimage","url":"https:\/\/www.pause-au-naturelle.com\/wp-content\/uploads\/2021\/05\/savon-nigelle-karamat-collection-jpg.jpg","contentUrl":"https:\/\/www.pause-au-naturelle.com\/wp-content\/uploads\/2021\/05\/savon-nigelle-karamat-collection-jpg.jpg","width":500,"height":500},{"@type":"BreadcrumbList","@id":"https:\/\/www.pause-au-naturelle.com\/produit\/savon-nigelle-acne-125g-karamat-collection\/#breadcrumb","itemListElement":[{"@type":"ListItem","position":1,"name":"Boutique","item":"https:\/\/www.pause-au-naturelle.com\/boutique\/"},{"@type":"ListItem","position":2,"name":"Savon à la nigelle 125g &#8211; Karamat Collection"}]},{"@type":"WebSite","@id":"https:\/\/www.pause-au-naturelle.com\/#website","url":"https:\/\/www.pause-au-naturelle.com\/","name":"Pause au Naturelle","description":"","publisher":{"@id":"https:\/\/www.pause-au-naturelle.com\/#organization"},"potentialAction":[{"@type":"SearchAction","target":{"@type":"EntryPoint","urlTemplate":"https:\/\/www.pause-au-naturelle.com\/?s={search_term_string}"},"query-input":{"@type":"PropertyValueSpecification","valueRequired":true,"valueName":"search_term_string"}}],"inLanguage":"es"},{"@type":"Organization","@id":"https:\/\/www.pause-au-naturelle.com\/#organization","name":"Pause au naturelle","url":"https:\/\/www.pause-au-naturelle.com\/","logo":{"@type":"ImageObject","inLanguage":"es","@id":"https:\/\/www.pause-au-naturelle.com\/#\/schema\/logo\/image\/","url":"https:\/\/www.pause-au-naturelle.com\/wp-content\/uploads\/2020\/06\/logo.png","contentUrl":"https:\/\/www.pause-au-naturelle.com\/wp-content\/uploads\/2020\/06\/logo.png","width":250,"height":250,"caption":"Pause au naturelle"},"image":{"@id":"https:\/\/www.pause-au-naturelle.com\/#\/schema\/logo\/image\/"}}]}</script>
<!-- / Yoast SEO plugin. -->

Jabón de nigella para el acné 125 g | Karamat Collection | Pause-au-naturelle.com

Jabón de nigella especial para el acné facial, que alivia la inflamación de la piel y la mantiene limpia y purificada.

Savon nigelle acné 125g | Karamat Collection | Pause-au-naturelle.com

Savon nigelle acné spécial visage pour atténuer les inflammations de la peau et la garder propre et purifiée.

Savon à la nigelle 125g &#8211; Karamat Collection
